- 2*r + 15 = -5*f, 0 = 4*r - 5*f. Suppose -8*y + 5*y - 51 = 0. Let x = r - y. What are the prime factors of x?
2, 3
Let h be 44/6 - 1/3. Let z = h - -6. What are the prime factors of z?
13
Suppose 0 = 4*m - 6 - 6, 4*j + 4*m - 28 = 0. Suppose j*k + q = 9, 4*q = -k + 3*k - 18. What are the prime factors of k?
3
Let q be (41 - -3)*1/2. Let l = 12 - q. Let m = 0 - l. List the prime factors of m.
2, 5
Suppose -d + 3*d - 52 = 0. Suppose 2*b = 4*b - d. List the prime factors of b.
13
Suppose -233 = -z - 5*y, 6 = -y + 3*y. What are the prime factors of z?
2, 109
Let b = 15 - 12. Suppose k - 83 = -b*l - 0*k, -2*l + 4*k = -46. List the prime factors of l.
3
Let p(h) = 7*h**2 + 5*h - 3. Let t(w) = 6*w**2 + 5*w - 3. Let b(d) = -5*p(d) + 6*t(d). Let g be b(-6). Suppose -g*i = 2*i - 55. List the prime factors of i.
11
Let z(l) = -5*l - 9. Let x(h) = h**2 - 2*h - 1. Let v be x(5). Let s(m) = 2*m + 4. Let b(t) = v*s(t) + 6*z(t). List the prime factors of b(-4).
2, 5
Suppose p = -4*i - 22, 4*p + 30 + 2 = -2*i. Let c = -16 - -29. Let r = p + c. What are the prime factors of r?
7
Let d = -6 - -5. Let x be 22 - 1*(0 + d). Suppose 4*a - x - 25 = 0. What are the prime factors of a?
2, 3
Let y(u) = -7*u + 25. List the prime factors of y(-15).
2, 5, 13
Let i be 604/6 + 2/(-3). Suppose 4*c = -20 + i. List the prime factors of c.
2, 5
Suppose 0 - 4 = -m. Let g(q) = 3 - 3*q - m + 6*q. What are the prime factors of g(1)?
2
Suppose 0*r + r - 2*k - 162 = 0, -3*k = -12. What are the prime factors of r?
2, 5, 17
Let m be 0/((0 - 1)*2). Suppose -i - i = m. Suppose i = -8*g + 3*g + 40. List the prime factors of g.
2
Let r(s) = s - 4. Let n be r(6). Suppose 18 = n*y - 20. List the prime factors of y.
19
Suppose -b + 0*q = -2*q - 78, -5*b - 3*q + 364 = 0. Suppose 0 = 3*i - b - 13. What are the prime factors of i?
29
Suppose 0 = -k - k + 8. Suppose -3*u + u - 4*o = k, 0 = 5*u - 2*o - 14. List the prime factors of (u + 2 - 0)*4.
2
Suppose -2 - 3 = -4*q + y, -y = -5*q + 7. Suppose 5*z + 1 + 4 = 0, 4*m + 2*z = 6. Suppose 4 = q*b - m. What are the prime factors of b?
3
Let p(b) = 4*b - 6*b + 2*b + b - 1. What are the prime factors of p(7)?
2, 3
Let f(p) = -4*p + 45. List the prime factors of f(0).
3, 5
Let h = 16 - 7. List the prime factors of h.
3
Let g = 11 + 5. Let z = -10 - -10. Suppose -5*q + 66 - g = z. What are the prime factors of q?
2, 5
Suppose 4*n + 43 = -n + 2*r, 0 = r - 4. Let b(h) = h**2 + 5*h - 4. What are the prime factors of b(n)?
2, 5
Let y(u) = 13*u**3 + 10*u**2 + 9*u + 7. Let n(h) = -7*h**3 - 5*h**2 - 5*h - 4. Let d(a) = 11*n(a) + 6*y(a). List the prime factors of d(-4).
2, 3
Suppose 5*g = g - o + 105, 120 = 5*g - o. List the prime factors of g.
5
Suppose 4*t = 379 + 121. What are the prime factors of t?
5
Suppose -3 + 1 = m - 2*x, 0 = 3*m - 4*x + 14. Let o = m - -8. What are the prime factors of (5/o)/((-3)/6)?
5
Suppose q - 13 = -4*n, -6 - 4 = -5*n. Suppose f - q*f = -48. What are the prime factors of f?
2, 3
Suppose -15 = -q + 4*c, -3*q - q - c = -9. Suppose 0*f = -4*f + 3*a + 25, -f + q = -4*a. What are the prime factors of f?
7
Let k(q) = -q**3 + 3*q**2 - 1. Let t be k(-3). Suppose -27 = -5*z + t. What are the prime factors of z?
2
What are the prime factors of (-250)/((-3)/(-6)*-4)?
5
Suppose 0 = -0*x - x + 6. Let g(f) = f - 6*f**2 + 5 + 3 + f + f**3 - 1. What are the prime factors of g(x)?
19
Let o be -14*(2 - 3)/(-2). What are the prime factors of -1 + (2 - o) - 1?
7
Let p = 52 + -18. Suppose -3*v - 5*u - p = -5*v, -5*u - 78 = -4*v. Suppose 0 = 4*n - 42 - v. What are the prime factors of n?
2
Suppose 573 = 5*p + s, 66 = p + 2*s - 45. What are the prime factors of p?
5, 23
Let p(a) = a**2 + 6*a - 8. Let b be p(-7). Let x = 1 - b. Suppose 0*i + x*i - 16 = 0. What are the prime factors of i?
2
Let y be (-30)/(-8) - (-3)/12. Suppose -5*u = 6 + y. What are the prime factors of (-5)/(15/(-18)) - u?
2
List the prime factors of (-1)/(3/(-210)*2).
5, 7
Let k be (6/(-7))/((-3)/14). Suppose k*m + 5 - 41 = 0. List the prime factors of m.
3
Suppose 3*v - 3*z - 84 = 0, z = 4*v - 7*v + 96. List the prime factors of v.
31
Let g be 1/(-3)*(-384)/8. Suppose 2*k - g = k. What are the prime factors of k?
2
Let g be 16/(-6)*(-9)/6. Let u = g + -1. Suppose 4*j - w - 43 = -2*w, -u*j - w = -33. What are the prime factors of j?
2, 5
Suppose -4*i = 8, -5*s - 3*i - 2*i = -710. Let a = -91 + s. What are the prime factors of a?
53
Let b = -31 - -140. What are the prime factors of b?
109
Suppose 0 = 9*a - 11*a + 4. Let u(o) = 7*o**3 - 3*o**2 + 4*o - 2. List the prime factors of u(a).
2, 5
Let t(b) be the first derivative of -b**2/2 - 2*b + 3. Let o(s) = 4*s. Let r be o(-1). What are the prime factors of t(r)?
2
Let u be ((-4)/5)/(2/20). Let q be (-202)/u + (-1)/4. Suppose 7*g - 4*g - 4*a = q, g - 4 = -3*a. What are the prime factors of g?
7
Suppose -3*t - 56 + 18 = s, -t + s = 10. Let o be (-208)/t - (-1)/(-3). Let d = -5 + o. List the prime factors of d.
2, 3
Suppose -3*a = -5*l + 22, 2*a - 4*l + 6 = -8. List the prime factors of (a/(-18))/(2/20).
5
Suppose 218 = 2*c + 4*k, -332 = -3*c - 2*k - 3*k. What are the prime factors of c?
7, 17
Let c(h) = h. Let r be c(8). Suppose -23 = -5*v - r. What are the prime factors of v?
3
Let h be (-1)/2 - 150/(-4). Suppose 3*r - 3*l - 35 = l, -3*r + 2*l = -h. Suppose -j + 10 = -3*j, 0 = -4*u + j + r. What are the prime factors of u?
2
Let o(l) = l**3 + l - 2. Let f be o(0). Let b be f/(-4)*-5*-2. Suppose -3*p + b = -4. What are the prime factors of p?
3
Let i(t) = 5*t**3 + 2*t**2 - 2*t + 1. Let u be i(1). What are the prime factors of 1 + -2 + u + 9?
2, 7
Suppose -3*g = -2*q + 19, g + q - 2*q + 7 = 0. What are the prime factors of ((-6)/3 - g)*6?
2, 3
Suppose -6*j = -j - 280. What are the prime factors of j?
2, 7
Let s(a) = -34*a**3 + 2*a**2 + a. List the prime factors of s(-1).
5, 7
Let f be (-6)/(-45)*6*220. Let n be f/18 - (-4)/18. What are the prime factors of (-15)/(-2)*n/15?
5
Let d(t) = 51*t**2 - t - 2. List the prime factors of d(-1).
2, 5
Suppose -x - 4 = -3*q - 18, 0 = -5*x - 5*q - 10. Suppose 180 = 7*w - x*w. List the prime factors of w.
2, 3
Let c = 9 - 7. List the prime factors of c/(-6) + (-93)/(-9).
2, 5
List the prime factors of (-2)/2*(-35 + -32).
67
List the prime factors of (-8)/(-4) + (12 - -3).
17
Let l(w) = 0 + 6*w - 1 - 4*w - 5. Let t be (-38)/(-9) + (-6)/27. List the prime factors of l(t).
2
Let l(z) be the third derivative of -z**6/60 - z**5/30 + z**4/24 + z**3/6 + 6*z**2. What are the prime factors of l(-2)?
7
What are the prime factors of 1 - (1 + 3) - -56?
53
Suppose 3*l - 9 + 3 = 0. Suppose p + 2 = l*p. Suppose 0*y = -p*y, -2*m - 3*y = -4. What are the prime factors of m?
2
Suppose -148 = -3*m + m. Suppose d - 6 = 5*t - 132, m = 3*t - d. What are the prime factors of t?
2, 13
Suppose 5*a = 4*b - 24, -3*b - 4*a + 49 = -0. Let k = -4 + b. What are the prime factors of k?
7
Let d(z) = 3*z**2 - 11*z - 8. Let s(y) = -3*y**2 + 10*y + 8. Let o(h) = -5*d(h) - 6*s(h). Let n be o(-6). List the prime factors of n/18 - (-2)/(-9).
7
Let z(w) = -w**2 + 8*w + 7. Let l = 4 - 4. Suppose s + 2*s - 24 = l. What are the prime factors of z(s)?
7
Let l(t) = -2 - 2*t**2 + t**2 - 11 + t. Let c(f) = f**2 - 2*f + 14. Let y(j) = -6*c(j) - 7*l(j). What are the prime factors of y(-5)?
7
Let x(p) = -p + 9. Let q be x(4). Suppose 0 = -0*a - q*a. Suppose 5 = c + t, -2*c + a*c = 5*t - 1. What are the prime factors of c?
2
What are the prime factors of 2/(-1) - (-26 - 3)?
3
Let a(b) = 12*b**2 + 2*b**3 + 9*b - b**3 + b. What are the prime factors of a(-11)?
11
Let d = 24 + 138. What are the prime factors of d?
2, 3
Let z be (3/(-1))/(4/(-4)). Let t(o) = z*o - 2*o + 0*o. List the prime factors of t(5).
5
Let y be ((-2)/(-3))/((-2)/(-18)). Suppose 3*m = m + y. List the prime factors of m.
3
Let u(m) = -m**3 - 3*m**2 + 7*m + 4. List the prime factors of u(-5).
19
Suppose 10*w = -s + 5*w + 13, -4*w = -8. Suppose -s*z - 7 + 61 = 0. List the prime factors of z.
2, 3
Let h(y) = -y**3 - 7*y + 11 - 7*y**2 + 2*y - 12 - 3*y. Let w be (3/6)/(1/(-12)). List the prime factors of h(w).
11
Suppose -3*i - 39 + 489 = 0. List the prime factors of i.
2, 3, 5
Let a(q) = -q**3 + 11*q**2 + q - 15. Let j be a(11). What are the prime factors of (-36 + 2)/(j - -2)?
17
Let g(w